{"id":41,"date":"2019-02-26T17:13:36","date_gmt":"2019-02-26T16:13:36","guid":{"rendered":"http:\/\/personal-polen.pgassenmaier.alfahosting.org\/?page_id=41"},"modified":"2026-02-10T09:25:24","modified_gmt":"2026-02-10T08:25:24","slug":"odtlacok","status":"publish","type":"page","link":"https:\/\/personal-polen.de\/sk\/odtlacok\/","title":{"rendered":"Odtla\u010dok"},"content":{"rendered":"<div class=\"wpb-content-wrapper\">\r\n<div class=\"mk-page-section-wrapper\" data-mk-full-width=\"true\" data-mk-full-width-init=\"true\" data-mk-stretch-content=\"true\">\r\n\t<div id=\"page-section-1\" class=\"mk-page-section self-hosted   full_layout full-width-1 js-el js-master-row jupiter-donut-\"    data-intro-effect=\"false\">\r\n\r\n\t\t\t\r\n\t\t\t<div class=\"mk-page-section-inner\">\r\n\t\t\t\t\r\n\r\n\r\n<div class=\"mk-video-color-mask\"><\/div>\r\n\r\n\t\t\t\t\r\n\t\t\t\t\t\t\t<\/div>\r\n\r\n\t\t\t\r\n        <div class=\"page-section-content vc_row-fluid mk-grid\" >\r\n            <div class=\"mk-padding-wrapper wpb_row\">\r\n<div class=\"vc_col-sm-12 wpb_column column_container  jupiter-donut- _ jupiter-donut-height-full\">\r\n\t\r\n<h2 id=\"fancy-title-3\" class=\"mk-fancy-title  simple-style jupiter-donut-  color-single\">\r\n\t<span>\r\n\t\t\t\t<p>Odtla\u010dok<\/p>\n\t\t\t<\/span>\r\n<\/h2>\r\n<div class=\"clearboth\"><\/div>\r\n\r\n\r\n\r\n<\/div>\r\n<\/div>\r\n            <div class=\"clearboth\"><\/div>\r\n        <\/div>\r\n\r\n\r\n\t\t\t\r\n\t\t\t\r\n\t\t\t\r\n\t\t<div class=\"clearboth\"><\/div>\r\n\t<\/div>\r\n<\/div>\r\n<div class=\"vc_row-full-width vc_clearfix\"><\/div>\r\n\r\n\r\n<div class=\"mk-page-section-wrapper\" data-mk-full-width=\"true\" data-mk-full-width-init=\"true\" data-mk-stretch-content=\"true\">\r\n\t<div id=\"page-section-4\" class=\"mk-page-section self-hosted   full_layout full-width-4 js-el js-master-row jupiter-donut-\"    data-intro-effect=\"false\">\r\n\r\n\t\t\t\r\n\t\t\t<div class=\"mk-page-section-inner\">\r\n\t\t\t\t\r\n\r\n\r\n<div class=\"mk-video-color-mask\"><\/div>\r\n\r\n\t\t\t\t\r\n\t\t\t\t\t\t\t<\/div>\r\n\r\n\t\t\t\r\n        <div class=\"page-section-content vc_row-fluid mk-grid\" >\r\n            <div class=\"mk-padding-wrapper wpb_row\">\r\n<div class=\"vc_col-sm-12 wpb_column column_container  jupiter-donut- _ jupiter-donut-height-full\">\r\n\t\t<div class=\"vc_custom_1770711921313\">\r\n\r\n<div id=\"text-block-6\" class=\"mk-text-block  jupiter-donut-\">\r\n\r\n\t\r\n\t<h3>IDENTIFIK\u00c1CIA POSKYTOVATE\u013dA POD\u013dA \u00a7 5 TMG, 55 RSTV<\/h3>\n<p>Temporary Work International s.r.o.<br \/>\n\u010cerny\u0161evsk\u00e9ho 10,<br \/>\n851 01 Bratislava<\/p>\n<p>Nemeck\u00e9 zast\u00fapenie:<br \/>\nNeuneralmweg 11<br \/>\n82491 Grainau<\/p>\n<p>\u010c\u00edslo DPH: SK2122039601<\/p>\n<p>V\u00fdkonn\u00fd riadite\u013e:<br \/>\nPeter Gassenmaier<\/p>\n<p>Tel: <a href=\"tel:+491727477707\">+49 172 7477707<\/a><\/p>\n<p>E-mail: <a href=\"mailto:info@personal-polen.de\">info@personal-polen.de <\/a><br \/>\nDomovsk\u00e1 str\u00e1nka: <a href=\"https:\/\/personal-polen.de\/sk\/\">https:\/\/personal-polen.de\u00a0<\/a><\/p>\n<p><strong>Zodpovednos\u0165 za obsah<\/strong><br \/>\nObsah tejto webovej str\u00e1nky bol skontrolovan\u00fd a vytvoren\u00fd s maxim\u00e1lnou starostlivos\u0165ou. Spolo\u010dnos\u0165 Zeitarbeit International s.r.o. v\u0161ak nezaru\u010duje presnos\u0165, \u00faplnos\u0165 a aktu\u00e1lnos\u0165 obsahu. Spolo\u010dnos\u0165 Zeitarbeit International s.r.o. si v\u00fdslovne vyhradzuje pr\u00e1vo na vo\u013en\u00fa zmenu internetovej prezent\u00e1cie.<\/p>\n<p><strong>Zodpovednos\u0165 za odkazy<\/strong><br \/>\nT\u00e1to webov\u00e1 str\u00e1nka obsahuje odkazy na extern\u00e9 webov\u00e9 str\u00e1nky, na ktor\u00e9 spolo\u010dnos\u0165 Zeitarbeit International s.r.o. nem\u00e1 \u017eiadny vplyv. Za obsah odkazovan\u00fdch str\u00e1nok je v\u017edy zodpovedn\u00fd pr\u00edslu\u0161n\u00fd poskytovate\u013e alebo prev\u00e1dzkovate\u013e str\u00e1nok. Preto sa spolo\u010dnos\u0165 Zeitarbeit International s.r.o. napriek d\u00f4kladnej kontrole v\u00fdslovne di\u0161tancuje od obsahu v\u0161etk\u00fdch odkazovan\u00fdch str\u00e1nok.<\/p>\n<p><strong>Pr\u00e1vo ochrann\u00fdch zn\u00e1mok a autorsk\u00e9 pr\u00e1vo<\/strong><br \/>\nWebov\u00e1 str\u00e1nka, datab\u00e1za, obsah a \u010fal\u0161ie prvky po\u017e\u00edvaj\u00fa pr\u00e1vnu ochranu (autorsk\u00e9 pr\u00e1va, ochrann\u00e9 zn\u00e1mky a in\u00e9 ochrann\u00e9 pr\u00e1va). Ak\u00e9ko\u013evek rozmno\u017eovanie, \u0161\u00edrenie alebo in\u00e9 vyu\u017e\u00edvanie \u010di pou\u017e\u00edvanie obsahu, obr\u00e1zkov alebo in\u00fdch \u00fadajov bez predch\u00e1dzaj\u00faceho s\u00fahlasu spolo\u010dnosti Zeitarbeit International s.r.o. je zak\u00e1zan\u00e9. Ak\u00e9ko\u013evek pr\u00e1va tret\u00edch str\u00e1n t\u00fdm nie s\u00fa dotknut\u00e9.<\/p>\n\r\n\t<div class=\"clearboth\"><\/div>\r\n<\/div>\r\n\r\n\t<\/div>\r\n<\/div>\r\n<\/div>\r\n            <div class=\"clearboth\"><\/div>\r\n        <\/div>\r\n\r\n\r\n\t\t\t\r\n\t\t\t\r\n\t\t\t\r\n\t\t<div class=\"clearboth\"><\/div>\r\n\t<\/div>\r\n<\/div>\r\n<div class=\"vc_row-full-width vc_clearfix\"><\/div>\r\n\r\n\n<\/div>","protected":false},"excerpt":{"rendered":"Impressum ANBIETERKENNZEICHNUNG NACH \u00a7 5 TMG, 55 RSTV Zeitarbeit International s.r.o. \u010cerny\u0161evsk\u00e9ho 10, 851 01 Bratislava Deutsche Repr\u00e4sentanz: Neuneralmweg 11 82491 Grainau USt-IdNr: SK2122039601 Gesch\u00e4ftsf\u00fchrer: Peter Gassenmaier Tel: +49 172 7477707 Email: info@personal-polen.de Homepage: https:\/\/personal-polen.de\u00a0 Haftung f\u00fcr Inhalte Die Inhalte dieses Internetauftritts wurden mit gr\u00f6\u00dfter Sorgfalt gepr\u00fcft und erstellt. Zeitarbeit International s.r.o. \u00fcbernimmt jedoch kein [...]","protected":false},"author":13,"featured_media":0,"parent":0,"menu_order":12,"comment_status":"closed","ping_status":"closed","template":"","meta":{"footnotes":""},"class_list":["post-41","page","type-page","status-publish","hentry"],"yoast_head":"<!-- This site is optimized with the Yoast SEO Premium plugin v26.4 (Yoast SEO v26.4) - https:\/\/yoast.com\/wordpress\/plugins\/seo\/ -->\n<title>Impressum - Personal aus Polen<\/title>\n<meta name=\"robots\" content=\"index, follow, max-snippet:-1, max-image-preview:large, max-video-preview:-1\" \/>\n<link rel=\"canonical\" href=\"https:\/\/personal-polen.de\/sk\/odtlacok\/\" \/>\n<meta property=\"og:locale\" content=\"sk_SK\" \/>\n<meta property=\"og:type\" content=\"article\" \/>\n<meta property=\"og:title\" content=\"Impressum\" \/>\n<meta property=\"og:url\" content=\"https:\/\/personal-polen.de\/sk\/odtlacok\/\" \/>\n<meta property=\"og:site_name\" content=\"Personal aus Polen\" \/>\n<meta property=\"article:modified_time\" content=\"2026-02-10T08:25:24+00:00\" \/>\n<meta name=\"twitter:card\" content=\"summary_large_image\" \/>\n<meta name=\"twitter:label1\" content=\"Predpokladan\u00fd \u010das \u010d\u00edtania\" \/>\n\t<meta name=\"twitter:data1\" content=\"2 min\u00faty\" \/>\n<script type=\"application\/ld+json\" class=\"yoast-schema-graph\">{\"@context\":\"https:\/\/schema.org\",\"@graph\":[{\"@type\":[\"WebPage\",\"ItemPage\"],\"@id\":\"https:\/\/personal-polen.de\/impressum\/\",\"url\":\"https:\/\/personal-polen.de\/impressum\/\",\"name\":\"Impressum - Personal aus Polen\",\"isPartOf\":{\"@id\":\"https:\/\/personal-polen.de\/#website\"},\"datePublished\":\"2019-02-26T16:13:36+00:00\",\"dateModified\":\"2026-02-10T08:25:24+00:00\",\"breadcrumb\":{\"@id\":\"https:\/\/personal-polen.de\/impressum\/#breadcrumb\"},\"inLanguage\":\"sk-SK\",\"potentialAction\":[{\"@type\":\"ReadAction\",\"target\":[\"https:\/\/personal-polen.de\/impressum\/\"]}]},{\"@type\":\"BreadcrumbList\",\"@id\":\"https:\/\/personal-polen.de\/impressum\/#breadcrumb\",\"itemListElement\":[{\"@type\":\"ListItem\",\"position\":1,\"name\":\"Startseite\",\"item\":\"https:\/\/personal-polen.de\/\"},{\"@type\":\"ListItem\",\"position\":2,\"name\":\"Impressum\"}]},{\"@type\":\"WebSite\",\"@id\":\"https:\/\/personal-polen.de\/#website\",\"url\":\"https:\/\/personal-polen.de\/\",\"name\":\"Personal aus Polen\",\"description\":\"Ihr Spezialist f\u00fcr Handwerker und Subunternehmer aus Polen\",\"publisher\":{\"@id\":\"https:\/\/personal-polen.de\/#organization\"},\"potentialAction\":[{\"@type\":\"SearchAction\",\"target\":{\"@type\":\"EntryPoint\",\"urlTemplate\":\"https:\/\/personal-polen.de\/?s={search_term_string}\"},\"query-input\":{\"@type\":\"PropertyValueSpecification\",\"valueRequired\":true,\"valueName\":\"search_term_string\"}}],\"inLanguage\":\"sk-SK\"},{\"@type\":\"Organization\",\"@id\":\"https:\/\/personal-polen.de\/#organization\",\"name\":\"Personal aus Polen\",\"url\":\"https:\/\/personal-polen.de\/\",\"logo\":{\"@type\":\"ImageObject\",\"inLanguage\":\"sk-SK\",\"@id\":\"https:\/\/personal-polen.de\/#\/schema\/logo\/image\/\",\"url\":\"https:\/\/personal-polen.de\/wp-content\/uploads\/2019\/02\/pal_logo_2.png\",\"contentUrl\":\"https:\/\/personal-polen.de\/wp-content\/uploads\/2019\/02\/pal_logo_2.png\",\"width\":250,\"height\":100,\"caption\":\"Personal aus Polen\"},\"image\":{\"@id\":\"https:\/\/personal-polen.de\/#\/schema\/logo\/image\/\"}}]}<\/script>\n<!-- \/ Yoast SEO Premium plugin. -->","yoast_head_json":{"title":"Imprint - Person\u00e1l z Po\u013eska","robots":{"index":"index","follow":"follow","max-snippet":"max-snippet:-1","max-image-preview":"max-image-preview:large","max-video-preview":"max-video-preview:-1"},"canonical":"https:\/\/personal-polen.de\/sk\/odtlacok\/","og_locale":"sk_SK","og_type":"article","og_title":"Impressum","og_url":"https:\/\/personal-polen.de\/sk\/odtlacok\/","og_site_name":"Personal aus Polen","article_modified_time":"2026-02-10T08:25:24+00:00","twitter_card":"summary_large_image","twitter_misc":{"Predpokladan\u00fd \u010das \u010d\u00edtania":"2 min\u00faty"},"schema":{"@context":"https:\/\/schema.org","@graph":[{"@type":["WebPage","ItemPage"],"@id":"https:\/\/personal-polen.de\/impressum\/","url":"https:\/\/personal-polen.de\/impressum\/","name":"Imprint - Person\u00e1l z Po\u013eska","isPartOf":{"@id":"https:\/\/personal-polen.de\/#website"},"datePublished":"2019-02-26T16:13:36+00:00","dateModified":"2026-02-10T08:25:24+00:00","breadcrumb":{"@id":"https:\/\/personal-polen.de\/impressum\/#breadcrumb"},"inLanguage":"sk-SK","potentialAction":[{"@type":"ReadAction","target":["https:\/\/personal-polen.de\/impressum\/"]}]},{"@type":"BreadcrumbList","@id":"https:\/\/personal-polen.de\/impressum\/#breadcrumb","itemListElement":[{"@type":"ListItem","position":1,"name":"Startseite","item":"https:\/\/personal-polen.de\/"},{"@type":"ListItem","position":2,"name":"Impressum"}]},{"@type":"WebSite","@id":"https:\/\/personal-polen.de\/#website","url":"https:\/\/personal-polen.de\/","name":"Zamestnanci z Po\u013eska","description":"V\u00e1\u0161 \u0161pecialista na remeseln\u00edkov a subdod\u00e1vate\u013eov z Po\u013eska","publisher":{"@id":"https:\/\/personal-polen.de\/#organization"},"potentialAction":[{"@type":"SearchAction","target":{"@type":"EntryPoint","urlTemplate":"https:\/\/personal-polen.de\/?s={search_term_string}"},"query-input":{"@type":"PropertyValueSpecification","valueRequired":true,"valueName":"search_term_string"}}],"inLanguage":"sk-SK"},{"@type":"Organization","@id":"https:\/\/personal-polen.de\/#organization","name":"Zamestnanci z Po\u013eska","url":"https:\/\/personal-polen.de\/","logo":{"@type":"ImageObject","inLanguage":"sk-SK","@id":"https:\/\/personal-polen.de\/#\/schema\/logo\/image\/","url":"https:\/\/personal-polen.de\/wp-content\/uploads\/2019\/02\/pal_logo_2.png","contentUrl":"https:\/\/personal-polen.de\/wp-content\/uploads\/2019\/02\/pal_logo_2.png","width":250,"height":100,"caption":"Personal aus Polen"},"image":{"@id":"https:\/\/personal-polen.de\/#\/schema\/logo\/image\/"}}]}},"_links":{"self":[{"href":"https:\/\/personal-polen.de\/sk\/wp-json\/wp\/v2\/pages\/41","targetHints":{"allow":["GET"]}}],"collection":[{"href":"https:\/\/personal-polen.de\/sk\/wp-json\/wp\/v2\/pages"}],"about":[{"href":"https:\/\/personal-polen.de\/sk\/wp-json\/wp\/v2\/types\/page"}],"author":[{"embeddable":true,"href":"https:\/\/personal-polen.de\/sk\/wp-json\/wp\/v2\/users\/13"}],"replies":[{"embeddable":true,"href":"https:\/\/personal-polen.de\/sk\/wp-json\/wp\/v2\/comments?post=41"}],"version-history":[{"count":4,"href":"https:\/\/personal-polen.de\/sk\/wp-json\/wp\/v2\/pages\/41\/revisions"}],"predecessor-version":[{"id":4376,"href":"https:\/\/personal-polen.de\/sk\/wp-json\/wp\/v2\/pages\/41\/revisions\/4376"}],"wp:attachment":[{"href":"https:\/\/personal-polen.de\/sk\/wp-json\/wp\/v2\/media?parent=41"}],"curies":[{"name":"wp","href":"https:\/\/api.w.org\/{rel}","templated":true}]}}

Odtlačok

<div class="wpb-content-wrapper">
<div class="mk-page-section-wrapper" data-mk-full-width="true" data-mk-full-width-init="true" data-mk-stretch-content="true">
	<div id="page-section-1" class="mk-page-section self-hosted   full_layout full-width-1 js-el js-master-row jupiter-donut-"    data-intro-effect="false">

			
			<div class="mk-page-section-inner">
				


<div class="mk-video-color-mask"></div>

				
							</div>

			
        <div class="page-section-content vc_row-fluid mk-grid" >
            <div class="mk-padding-wrapper wpb_row">
<div class="vc_col-sm-12 wpb_column column_container  jupiter-donut- _ jupiter-donut-height-full">
	
<h2 id="fancy-title-3" class="mk-fancy-title  simple-style jupiter-donut-  color-single">
	<span>
				<p>Odtlačok</p>
			</span>
</h2>
<div class="clearboth"></div>



</div>
</div>
            <div class="clearboth"></div>
        </div>


			
			
			
		<div class="clearboth"></div>
	</div>
</div>
<div class="vc_row-full-width vc_clearfix"></div>


<div class="mk-page-section-wrapper" data-mk-full-width="true" data-mk-full-width-init="true" data-mk-stretch-content="true">
	<div id="page-section-4" class="mk-page-section self-hosted   full_layout full-width-4 js-el js-master-row jupiter-donut-"    data-intro-effect="false">

			
			<div class="mk-page-section-inner">
				


<div class="mk-video-color-mask"></div>

				
							</div>

			
        <div class="page-section-content vc_row-fluid mk-grid" >
            <div class="mk-padding-wrapper wpb_row">
<div class="vc_col-sm-12 wpb_column column_container  jupiter-donut- _ jupiter-donut-height-full">
		<div class="vc_custom_1770711921313">

<div id="text-block-6" class="mk-text-block  jupiter-donut-">

	
	<h3>IDENTIFIKÁCIA POSKYTOVATEĽA PODĽA § 5 TMG, 55 RSTV</h3>
<p>Temporary Work International s.r.o.<br />
Černyševského 10,<br />
851 01 Bratislava</p>
<p>Nemecké zastúpenie:<br />
Neuneralmweg 11<br />
82491 Grainau</p>
<p>Číslo DPH: SK2122039601</p>
<p>Výkonný riaditeľ:<br />
Peter Gassenmaier</p>
<p>Tel: <a href="tel:+491727477707">+49 172 7477707</a></p>
<p>E-mail: <a href="mailto:info@personal-polen.de">info@personal-polen.de </a><br />
Domovská stránka: <a href="https://personal-polen.de/sk/">https://personal-polen.de </a></p>
<p><strong>Zodpovednosť za obsah</strong><br />
Obsah tejto webovej stránky bol skontrolovaný a vytvorený s maximálnou starostlivosťou. Spoločnosť Zeitarbeit International s.r.o. však nezaručuje presnosť, úplnosť a aktuálnosť obsahu. Spoločnosť Zeitarbeit International s.r.o. si výslovne vyhradzuje právo na voľnú zmenu internetovej prezentácie.</p>
<p><strong>Zodpovednosť za odkazy</strong><br />
Táto webová stránka obsahuje odkazy na externé webové stránky, na ktoré spoločnosť Zeitarbeit International s.r.o. nemá žiadny vplyv. Za obsah odkazovaných stránok je vždy zodpovedný príslušný poskytovateľ alebo prevádzkovateľ stránok. Preto sa spoločnosť Zeitarbeit International s.r.o. napriek dôkladnej kontrole výslovne dištancuje od obsahu všetkých odkazovaných stránok.</p>
<p><strong>Právo ochranných známok a autorské právo</strong><br />
Webová stránka, databáza, obsah a ďalšie prvky požívajú právnu ochranu (autorské práva, ochranné známky a iné ochranné práva). Akékoľvek rozmnožovanie, šírenie alebo iné využívanie či používanie obsahu, obrázkov alebo iných údajov bez predchádzajúceho súhlasu spoločnosti Zeitarbeit International s.r.o. je zakázané. Akékoľvek práva tretích strán tým nie sú dotknuté.</p>

	<div class="clearboth"></div>
</div>

	</div>
</div>
</div>
            <div class="clearboth"></div>
        </div>


			
			
			
		<div class="clearboth"></div>
	</div>
</div>
<div class="vc_row-full-width vc_clearfix"></div>


</div>

Impressum ANBIETERKENNZEICHNUNG NACH § 5 TMG, 55 RSTV Zeitarbeit International s.r.o. Černyševského 10, 851 01 Bratislava Deutsche Repräsentanz: Neuneralmweg 11 82491 Grainau USt-IdNr: SK2122039601 Geschäftsführer: Peter Gassenmaier Tel: +49 172 7477707 Email: info@personal-polen.de Homepage: https://personal-polen.de  Haftung für Inhalte Die Inhalte dieses Internetauftritts wurden mit größter Sorgfalt geprüft und erstellt. Zeitarbeit International s.r.o. übernimmt jedoch kein [...]

<!-- This site is optimized with the Yoast SEO Premium plugin v26.4 (Yoast SEO v26.4) - https://yoast.com/wordpress/plugins/seo/ -->
<title>Impressum - Personal aus Polen</title>
<meta name="robots" content="index, follow, max-snippet:-1, max-image-preview:large, max-video-preview:-1" />
<link rel="canonical" href="https://personal-polen.de/sk/odtlacok/" />
<meta property="og:locale" content="sk_SK" />
<meta property="og:type" content="article" />
<meta property="og:title" content="Impressum" />
<meta property="og:url" content="https://personal-polen.de/sk/odtlacok/" />
<meta property="og:site_name" content="Personal aus Polen" />
<meta property="article:modified_time" content="2026-02-10T08:25:24+00:00" />
<meta name="twitter:card" content="summary_large_image" />
<meta name="twitter:label1" content="Predpokladaný čas čítania" />
	<meta name="twitter:data1" content="2 minúty" />
<script type="application/ld+json" class="yoast-schema-graph">{"@context":"https://schema.org","@graph":[{"@type":["WebPage","ItemPage"],"@id":"https://personal-polen.de/impressum/","url":"https://personal-polen.de/impressum/","name":"Impressum - Personal aus Polen","isPartOf":{"@id":"https://personal-polen.de/#website"},"datePublished":"2019-02-26T16:13:36+00:00","dateModified":"2026-02-10T08:25:24+00:00","breadcrumb":{"@id":"https://personal-polen.de/impressum/#breadcrumb"},"inLanguage":"sk-SK","potentialAction":[{"@type":"ReadAction","target":["https://personal-polen.de/impressum/"]}]},{"@type":"BreadcrumbList","@id":"https://personal-polen.de/impressum/#breadcrumb","itemListElement":[{"@type":"ListItem","position":1,"name":"Startseite","item":"https://personal-polen.de/"},{"@type":"ListItem","position":2,"name":"Impressum"}]},{"@type":"WebSite","@id":"https://personal-polen.de/#website","url":"https://personal-polen.de/","name":"Personal aus Polen","description":"Ihr Spezialist für Handwerker und Subunternehmer aus Polen","publisher":{"@id":"https://personal-polen.de/#organization"},"potentialAction":[{"@type":"SearchAction","target":{"@type":"EntryPoint","urlTemplate":"https://personal-polen.de/?s={search_term_string}"},"query-input":{"@type":"PropertyValueSpecification","valueRequired":true,"valueName":"search_term_string"}}],"inLanguage":"sk-SK"},{"@type":"Organization","@id":"https://personal-polen.de/#organization","name":"Personal aus Polen","url":"https://personal-polen.de/","logo":{"@type":"ImageObject","inLanguage":"sk-SK","@id":"https://personal-polen.de/#/schema/logo/image/","url":"https://personal-polen.de/wp-content/uploads/2019/02/pal_logo_2.png","contentUrl":"https://personal-polen.de/wp-content/uploads/2019/02/pal_logo_2.png","width":250,"height":100,"caption":"Personal aus Polen"},"image":{"@id":"https://personal-polen.de/#/schema/logo/image/"}}]}</script>
<!-- / Yoast SEO Premium plugin. -->

Imprint - Personál z Poľska

2 minúty

Zamestnanci z Poľska

Váš špecialista na remeselníkov a subdodávateľov z Poľska
